{"id":3394,"date":"2022-11-26T20:36:12","date_gmt":"2022-11-26T20:36:12","guid":{"rendered":"https:\/\/lesaccordsdechloe.com\/?post_type=product&#038;p=3394"},"modified":"2024-03-13T08:07:48","modified_gmt":"2024-03-13T08:07:48","slug":"jupe-short-joe-noire","status":"publish","type":"product","link":"https:\/\/lesaccordsdechloe.com\/index.php\/produit\/jupe-short-joe-noire\/","title":{"rendered":"Jupe short Joe noire"},"content":{"rendered":"<h3 style=\"text-align: left;\"><strong>Taille<\/strong>\u00a0:<\/h3>\n<p>Longueur : 36 cm<br \/>\nTour de taille : Taille S : 68 cm \/ Taille M : 70 cm \/ Taille L : 76 cm<br \/>\nLe mannequin mesure 1m71 et porte une taille L<br \/>\nPrenez une taille au-dessus de votre taille habituelle.<\/p>\n<h3><strong>D\u00e9tails<\/strong>\u00a0:<\/h3>\n<p>Coupe droite<br \/>\nFermeture \u00e0 zip sur le c\u00f4t\u00e9<br \/>\nTaille haute<\/p>\n<h3><strong>Coloris<\/strong>\u00a0:<\/h3>\n<p>Noir<\/p>\n<h3><strong>Composition<\/strong> :<\/h3>\n<p>95% Polyester et 5% Elasthanne<br \/>\nCr\u00e9ation fran\u00e7aise<\/p>\n<h3><strong>Entretien<\/strong>\u00a0:<\/h3>\n<p>Lavage en machine \u00e0 30\u00b0C, s\u00e8che-linge interdit<\/p>\n","protected":false},"excerpt":{"rendered":"<p>Le short Joe est id\u00e9al pour les saisons froides et \u00e0 avoir absolument dans son dressing pour fl\u00e2ner dans la ville ou au bureau !<br \/>\nSa coupe taille haute et sa mati\u00e8re lui donne un look tr\u00e8s f\u00e9minin. Vous pourrez jouer avec ce short en faisant diff\u00e9rents looks. Portez-le avec notre belle <a href=\"https:\/\/lesaccordsdechloe.com\/index.php\/produit\/pull-emile-bleu-roi\/\">maille Emile<\/a> ou notre pull \u00e0 rayures Chlo\u00e9.<\/p>\n","protected":false},"featured_media":3416,"comment_status":"open","ping_status":"closed","template":"","meta":{"_glsr_average":0,"_glsr_ranking":0,"_glsr_reviews":0},"product_cat":[122,143],"product_tag":[310,278,320,138],"_links":{"self":[{"href":"https:\/\/lesaccordsdechloe.com\/index.php\/wp-json\/wp\/v2\/product\/3394"}],"collection":[{"href":"https:\/\/lesaccordsdechloe.com\/index.php\/wp-json\/wp\/v2\/product"}],"about":[{"href":"https:\/\/lesaccordsdechloe.com\/index.php\/wp-json\/wp\/v2\/types\/product"}],"replies":[{"embeddable":true,"href":"https:\/\/lesaccordsdechloe.com\/index.php\/wp-json\/wp\/v2\/comments?post=3394"}],"wp:featuredmedia":[{"embeddable":true,"href":"https:\/\/lesaccordsdechloe.com\/index.php\/wp-json\/wp\/v2\/media\/3416"}],"wp:attachment":[{"href":"https:\/\/lesaccordsdechloe.com\/index.php\/wp-json\/wp\/v2\/media?parent=3394"}],"wp:term":[{"taxonomy":"product_cat","embeddable":true,"href":"https:\/\/lesaccordsdechloe.com\/index.php\/wp-json\/wp\/v2\/product_cat?post=3394"},{"taxonomy":"product_tag","embeddable":true,"href":"https:\/\/lesaccordsdechloe.com\/index.php\/wp-json\/wp\/v2\/product_tag?post=3394"}],"curies":[{"name":"wp","href":"https:\/\/api.w.org\/{rel}","templated":true}]}}