{"id":3390,"date":"2022-11-26T19:47:52","date_gmt":"2022-11-26T19:47:52","guid":{"rendered":"https:\/\/lesaccordsdechloe.com\/?post_type=product&#038;p=3390"},"modified":"2024-03-12T20:21:11","modified_gmt":"2024-03-12T20:21:11","slug":"jupe-longue-heloise-paillettes","status":"publish","type":"product","link":"https:\/\/lesaccordsdechloe.com\/index.php\/produit\/jupe-longue-heloise-paillettes\/","title":{"rendered":"Jupe longue Helo\u00efse \u00e0 paillettes"},"content":{"rendered":"<h3><strong>Taille<\/strong>\u00a0:<\/h3>\n<p>Longueur : 86 cm<br \/>\nTour de taille (min-max) : 70 &#8211; 88 cm<br \/>\nLe mannequin mesure 1m71<br \/>\nCette TU correspond \u00e0 38\/40.<\/p>\n<h3><strong>D\u00e9tails<\/strong>\u00a0:<\/h3>\n<p>Coupe fluide<br \/>\nDoublure<br \/>\nLongueur cheville<br \/>\nTaille \u00e9lastique<br \/>\nPliss\u00e9e<\/p>\n<h3><strong>Coloris<\/strong>\u00a0:<\/h3>\n<p>Noire \u00e0 paillettes<\/p>\n<h3><strong>Composition<\/strong> :<\/h3>\n<p>95% Polyester et 5% Elasthanne<br \/>\nCr\u00e9ation fran\u00e7aise<\/p>\n<h3><strong>Entretien<\/strong>\u00a0:<\/h3>\n<p>Lavage en machine \u00e0 30\u00b0, s\u00e8che-linge interdit<\/p>\n","protected":false},"excerpt":{"rendered":"<p>La jupe longue H\u00e9lo\u00efse sera votre alli\u00e9e pour les f\u00eates de fin d&#8217;ann\u00e9e. Avec ses paillettes tr\u00e8s discr\u00e8tes pour pourrez la porter m\u00eame en dehors des f\u00eates. Elle est confectionn\u00e9e dans une mati\u00e8re agr\u00e9able \u00e0 porter. Jouez avec pour lui donner diff\u00e9rentes allures. Portez-la avec un pull noir, un body&#8230;<\/p>\n","protected":false},"featured_media":3417,"comment_status":"open","ping_status":"closed","template":"","meta":{"_glsr_average":0,"_glsr_ranking":0,"_glsr_reviews":0},"product_cat":[122,143],"product_tag":[303,162,297,311,318,314],"_links":{"self":[{"href":"https:\/\/lesaccordsdechloe.com\/index.php\/wp-json\/wp\/v2\/product\/3390"}],"collection":[{"href":"https:\/\/lesaccordsdechloe.com\/index.php\/wp-json\/wp\/v2\/product"}],"about":[{"href":"https:\/\/lesaccordsdechloe.com\/index.php\/wp-json\/wp\/v2\/types\/product"}],"replies":[{"embeddable":true,"href":"https:\/\/lesaccordsdechloe.com\/index.php\/wp-json\/wp\/v2\/comments?post=3390"}],"wp:featuredmedia":[{"embeddable":true,"href":"https:\/\/lesaccordsdechloe.com\/index.php\/wp-json\/wp\/v2\/media\/3417"}],"wp:attachment":[{"href":"https:\/\/lesaccordsdechloe.com\/index.php\/wp-json\/wp\/v2\/media?parent=3390"}],"wp:term":[{"taxonomy":"product_cat","embeddable":true,"href":"https:\/\/lesaccordsdechloe.com\/index.php\/wp-json\/wp\/v2\/product_cat?post=3390"},{"taxonomy":"product_tag","embeddable":true,"href":"https:\/\/lesaccordsdechloe.com\/index.php\/wp-json\/wp\/v2\/product_tag?post=3390"}],"curies":[{"name":"wp","href":"https:\/\/api.w.org\/{rel}","templated":true}]}}