{"id":3137,"date":"2022-06-11T07:20:44","date_gmt":"2022-06-11T07:20:44","guid":{"rendered":"https:\/\/lesaccordsdechloe.com\/?post_type=product&#038;p=3137"},"modified":"2024-03-17T16:41:40","modified_gmt":"2024-03-17T16:41:40","slug":"robe-longue-rouge-a-fleurs-romy","status":"publish","type":"product","link":"https:\/\/lesaccordsdechloe.com\/index.php\/produit\/robe-longue-rouge-a-fleurs-romy\/","title":{"rendered":"Robe longue rouge \u00e0 fleurs Romy"},"content":{"rendered":"<h3><strong>Taille<\/strong>\u00a0:<\/h3>\n<p>Longueur : 140 cm<br \/>\nTour de poitrine : Taille S\/M : 95 cm \/ Taille M\/L : 104 cm<br \/>\nEpaules : 40 &#8211; 44 cm<br \/>\nLe mannequin mesure 1m71 et porte une taille M\/L<br \/>\nPrenez votre taille habituelle.<\/p>\n<h3><strong>D\u00e9tails<\/strong>\u00a0:<\/h3>\n<p>Coupe \u00e9vas\u00e9e<br \/>\nManches courtes bouffantes<br \/>\nLongueur cheville<br \/>\nCol V<br \/>\nFendue<\/p>\n<h3><strong>Coloris<\/strong>\u00a0:<\/h3>\n<p>Imprim\u00e9 rouge fleuri<\/p>\n<h3><strong>Composition<\/strong> :<\/h3>\n<p>100% Polyester<br \/>\nCr\u00e9ation fran\u00e7aise<\/p>\n<h3><strong>Entretien<\/strong>\u00a0:<\/h3>\n<p>Lavage \u00e0 40\u00b0 en machine, s\u00e8che-linge interdit.<\/p>\n","protected":false},"excerpt":{"rendered":"<p>La robe Romy mixe \u00e9l\u00e9gance et allure actuelle. Avec ses nombreux d\u00e9tails, comme ses manches courtes bouffantes et son imprim\u00e9 fleuri, elle sera une pr\u00e9cieuse alli\u00e9e pour les beaux jours. Elle est confectionn\u00e9e dans une mati\u00e8re agr\u00e9able \u00e0 porter. Vous pouvez lui donner diff\u00e9rentes allures : chic, d\u00e9contract\u00e9&#8230;<\/p>\n","protected":false},"featured_media":3162,"comment_status":"open","ping_status":"closed","template":"","meta":{"_glsr_average":0,"_glsr_ranking":0,"_glsr_reviews":0},"product_cat":[125,143],"product_tag":[263,264,191,261,262],"_links":{"self":[{"href":"https:\/\/lesaccordsdechloe.com\/index.php\/wp-json\/wp\/v2\/product\/3137"}],"collection":[{"href":"https:\/\/lesaccordsdechloe.com\/index.php\/wp-json\/wp\/v2\/product"}],"about":[{"href":"https:\/\/lesaccordsdechloe.com\/index.php\/wp-json\/wp\/v2\/types\/product"}],"replies":[{"embeddable":true,"href":"https:\/\/lesaccordsdechloe.com\/index.php\/wp-json\/wp\/v2\/comments?post=3137"}],"wp:featuredmedia":[{"embeddable":true,"href":"https:\/\/lesaccordsdechloe.com\/index.php\/wp-json\/wp\/v2\/media\/3162"}],"wp:attachment":[{"href":"https:\/\/lesaccordsdechloe.com\/index.php\/wp-json\/wp\/v2\/media?parent=3137"}],"wp:term":[{"taxonomy":"product_cat","embeddable":true,"href":"https:\/\/lesaccordsdechloe.com\/index.php\/wp-json\/wp\/v2\/product_cat?post=3137"},{"taxonomy":"product_tag","embeddable":true,"href":"https:\/\/lesaccordsdechloe.com\/index.php\/wp-json\/wp\/v2\/product_tag?post=3137"}],"curies":[{"name":"wp","href":"https:\/\/api.w.org\/{rel}","templated":true}]}}