{"id":2931,"date":"2022-02-18T10:10:15","date_gmt":"2022-02-18T10:10:15","guid":{"rendered":"https:\/\/lesaccordsdechloe.com\/?post_type=product&#038;p=2931"},"modified":"2024-03-11T17:52:15","modified_gmt":"2024-03-11T17:52:15","slug":"jupe-cecilia-fleurie","status":"publish","type":"product","link":"https:\/\/lesaccordsdechloe.com\/index.php\/produit\/jupe-cecilia-fleurie\/","title":{"rendered":"Jupe C\u00e9cilia fleurie"},"content":{"rendered":"<h3><strong>Taille<\/strong>\u00a0:<\/h3>\n<p>Longueur : 49 cm<br \/>\nTour de taille : Taille S : 62 &#8211; 92 cm \/ Taille M : 66 &#8211; 98 cm \/ Taille L : 72 &#8211; 100 cm<br \/>\nLe mannequin mesure 1m71 et porte une taille L<br \/>\nPrenez votre taille habituelle.<\/p>\n<h3><strong>D\u00e9tails<\/strong>\u00a0:<\/h3>\n<p>Coupe droite<br \/>\nTaille \u00e9lastique<br \/>\nVolants<\/p>\n<h3><strong>Coloris<\/strong>\u00a0:<\/h3>\n<p>Imprim\u00e9 fleuri noir et blanc<\/p>\n<h3><strong>Composition<\/strong> :<\/h3>\n<p>100% Polyester<br \/>\nCr\u00e9ation fran\u00e7aise<\/p>\n<h3><strong>Entretien<\/strong>\u00a0:<\/h3>\n<p>Lavage en machine 30\u00b0C, s\u00e8che-linge d\u00e9conseill\u00e9<\/p>\n","protected":false},"excerpt":{"rendered":"<p>La jupe C\u00e9cilia respire nos 4 saisons : automne, hiver, printemps et \u00e9t\u00e9. Son tissu aux couleurs fonc\u00e9s pourra vous accompagner pour les saisons froides mais son imprim\u00e9 fleuri vous accompagnera pour les saisons plus chaudes. Vous pouvez l&#8217;associer \u00e0 <a href=\"https:\/\/lesaccordsdechloe.com\/index.php\/produit\/blouse-marta-noire\/\">la blouse Marta<\/a> pour un look tr\u00e8s romantique et une allure raffin\u00e9e. Pour un look plus d\u00e9contract\u00e9 associez-la au pull Louis noir avec une paire de baskets.<\/p>\n","protected":false},"featured_media":2935,"comment_status":"open","ping_status":"closed","template":"","meta":{"_glsr_average":0,"_glsr_ranking":0,"_glsr_reviews":0},"product_cat":[122,143],"product_tag":[174,173,171,170,172],"_links":{"self":[{"href":"https:\/\/lesaccordsdechloe.com\/index.php\/wp-json\/wp\/v2\/product\/2931"}],"collection":[{"href":"https:\/\/lesaccordsdechloe.com\/index.php\/wp-json\/wp\/v2\/product"}],"about":[{"href":"https:\/\/lesaccordsdechloe.com\/index.php\/wp-json\/wp\/v2\/types\/product"}],"replies":[{"embeddable":true,"href":"https:\/\/lesaccordsdechloe.com\/index.php\/wp-json\/wp\/v2\/comments?post=2931"}],"wp:featuredmedia":[{"embeddable":true,"href":"https:\/\/lesaccordsdechloe.com\/index.php\/wp-json\/wp\/v2\/media\/2935"}],"wp:attachment":[{"href":"https:\/\/lesaccordsdechloe.com\/index.php\/wp-json\/wp\/v2\/media?parent=2931"}],"wp:term":[{"taxonomy":"product_cat","embeddable":true,"href":"https:\/\/lesaccordsdechloe.com\/index.php\/wp-json\/wp\/v2\/product_cat?post=2931"},{"taxonomy":"product_tag","embeddable":true,"href":"https:\/\/lesaccordsdechloe.com\/index.php\/wp-json\/wp\/v2\/product_tag?post=2931"}],"curies":[{"name":"wp","href":"https:\/\/api.w.org\/{rel}","templated":true}]}}