{"id":2862,"date":"2022-02-12T11:57:52","date_gmt":"2022-02-12T11:57:52","guid":{"rendered":"https:\/\/lesaccordsdechloe.com\/?post_type=product&#038;p=2862"},"modified":"2024-03-12T20:43:30","modified_gmt":"2024-03-12T20:43:30","slug":"robe-candice","status":"publish","type":"product","link":"https:\/\/lesaccordsdechloe.com\/index.php\/produit\/robe-candice\/","title":{"rendered":"Robe Candice"},"content":{"rendered":"<h3><strong>Taille<\/strong>\u00a0:<\/h3>\n<p>Longueur : S.M : 88 cm \/ M.L : 92 cm<br \/>\nTour de poitrine : S.M : 90 cm \/ M.L : 98 cm<br \/>\nEpaules : 40 &#8211; 43 cm<br \/>\nLe mannequin mesure 1m71 et porte une taille M\/L<br \/>\nPrenez votre taille habituelle.<\/p>\n<h3><strong>D\u00e9tails<\/strong>\u00a0:<\/h3>\n<p>Coupe \u00e9vas\u00e9e<br \/>\nCol V<br \/>\nLongueur genoux<br \/>\nVolants en bas de la robe<br \/>\nDoubl\u00e9e<br \/>\nManches \u00e0 volants resserr\u00e9es aux poignets<\/p>\n<h3><strong>Coloris<\/strong>\u00a0:<\/h3>\n<p>Imprim\u00e9<\/p>\n<h3><strong>Composition<\/strong> :<\/h3>\n<p>Composition : 100% Polyester<br \/>\nDoublure : 100% Polyester<br \/>\nCr\u00e9ation fran\u00e7aise<\/p>\n<h3><strong>Entretien<\/strong>\u00a0:<\/h3>\n<p>Lavage \u00e0 la main ou \u00e0 30\u00b0C en machine, s\u00e8che-linge d\u00e9conseill\u00e9<\/p>\n","protected":false},"excerpt":{"rendered":"<p>La robe Candice est la petite robe de tous les jours avec sa coupe tr\u00e8s fluide et agr\u00e9able \u00e0 porter. Son association de couleurs tr\u00e8s vives sera id\u00e9ale pour l&#8217;arriv\u00e9e du printemps. Une robe sans prise de t\u00eate \u00e0 associer avec une paire de baskets ou de bottines.<\/p>\n","protected":false},"featured_media":2897,"comment_status":"open","ping_status":"closed","template":"","meta":{"_glsr_average":0,"_glsr_ranking":0,"_glsr_reviews":0},"product_cat":[125,143],"product_tag":[167,166,153,163,165],"_links":{"self":[{"href":"https:\/\/lesaccordsdechloe.com\/index.php\/wp-json\/wp\/v2\/product\/2862"}],"collection":[{"href":"https:\/\/lesaccordsdechloe.com\/index.php\/wp-json\/wp\/v2\/product"}],"about":[{"href":"https:\/\/lesaccordsdechloe.com\/index.php\/wp-json\/wp\/v2\/types\/product"}],"replies":[{"embeddable":true,"href":"https:\/\/lesaccordsdechloe.com\/index.php\/wp-json\/wp\/v2\/comments?post=2862"}],"wp:featuredmedia":[{"embeddable":true,"href":"https:\/\/lesaccordsdechloe.com\/index.php\/wp-json\/wp\/v2\/media\/2897"}],"wp:attachment":[{"href":"https:\/\/lesaccordsdechloe.com\/index.php\/wp-json\/wp\/v2\/media?parent=2862"}],"wp:term":[{"taxonomy":"product_cat","embeddable":true,"href":"https:\/\/lesaccordsdechloe.com\/index.php\/wp-json\/wp\/v2\/product_cat?post=2862"},{"taxonomy":"product_tag","embeddable":true,"href":"https:\/\/lesaccordsdechloe.com\/index.php\/wp-json\/wp\/v2\/product_tag?post=2862"}],"curies":[{"name":"wp","href":"https:\/\/api.w.org\/{rel}","templated":true}]}}