{"id":2535,"date":"2021-12-15T15:45:17","date_gmt":"2021-12-15T15:45:17","guid":{"rendered":"https:\/\/lesaccordsdechloe.com\/?post_type=product&#038;p=2535"},"modified":"2024-03-13T20:37:39","modified_gmt":"2024-03-13T20:37:39","slug":"pull-maurice-bleu-marine","status":"publish","type":"product","link":"https:\/\/lesaccordsdechloe.com\/index.php\/produit\/pull-maurice-bleu-marine\/","title":{"rendered":"Pull Maurice bleu marine"},"content":{"rendered":"<h3><strong>Taille<\/strong>\u00a0:<\/h3>\n<p>Longueur : S\/M 53cm, M\/L 57 cm<br \/>\nTour de poitrine : S\/M 110cm , M\/L 116 cm<br \/>\nLe mannequin mesure 1m71 et porte une taille M\/L.<br \/>\nPour un c\u00f4t\u00e9 loose prenez une taille au-dessus, sinon prenez votre taille habituelle.<\/p>\n<h3><strong>D\u00e9tails<\/strong>\u00a0:<\/h3>\n<p>Col V<br \/>\nPull court<br \/>\nMaille ajour\u00e9e<br \/>\nLongueur hanches<\/p>\n<h3><strong>Coloris<\/strong>\u00a0:<\/h3>\n<p>Bleu marine<\/p>\n<h3><strong>Composition<\/strong> :<\/h3>\n<p>Composition : 8% Wool, 8% Viscose, 14% Polyamide, 60% Acrylique et 10% Polyester.<br \/>\nCr\u00e9ation fran\u00e7aise<\/p>\n<h3><strong>Entretien<\/strong>\u00a0:<\/h3>\n<p>Lavage \u00e0 la main, s\u00e8che-linge interdit<\/p>\n","protected":false},"excerpt":{"rendered":"<p>Optez pour le pull Maurice : tellement doux il vous tiendra chaud pour cet hiver. Pour un style un peu r\u00e9tro, vous pouvez le porter avec le jean L\u00e9onard et pour un style plus simple avec le jean L\u00e9o. portez-le avec une jupe pour un style plus f\u00e9minin.<\/p>\n<p>Vous pouvez l&#8217;associer avec la chemise Capucine pour un look plus travaill\u00e9.<\/p>\n","protected":false},"featured_media":2542,"comment_status":"open","ping_status":"closed","template":"","meta":{"_glsr_average":0,"_glsr_ranking":0,"_glsr_reviews":0},"product_cat":[126,143],"product_tag":[],"_links":{"self":[{"href":"https:\/\/lesaccordsdechloe.com\/index.php\/wp-json\/wp\/v2\/product\/2535"}],"collection":[{"href":"https:\/\/lesaccordsdechloe.com\/index.php\/wp-json\/wp\/v2\/product"}],"about":[{"href":"https:\/\/lesaccordsdechloe.com\/index.php\/wp-json\/wp\/v2\/types\/product"}],"replies":[{"embeddable":true,"href":"https:\/\/lesaccordsdechloe.com\/index.php\/wp-json\/wp\/v2\/comments?post=2535"}],"wp:featuredmedia":[{"embeddable":true,"href":"https:\/\/lesaccordsdechloe.com\/index.php\/wp-json\/wp\/v2\/media\/2542"}],"wp:attachment":[{"href":"https:\/\/lesaccordsdechloe.com\/index.php\/wp-json\/wp\/v2\/media?parent=2535"}],"wp:term":[{"taxonomy":"product_cat","embeddable":true,"href":"https:\/\/lesaccordsdechloe.com\/index.php\/wp-json\/wp\/v2\/product_cat?post=2535"},{"taxonomy":"product_tag","embeddable":true,"href":"https:\/\/lesaccordsdechloe.com\/index.php\/wp-json\/wp\/v2\/product_tag?post=2535"}],"curies":[{"name":"wp","href":"https:\/\/api.w.org\/{rel}","templated":true}]}}