{"id":2316,"date":"2021-11-04T22:30:50","date_gmt":"2021-11-04T22:30:50","guid":{"rendered":"https:\/\/lesaccordsdechloe.com\/?post_type=product&#038;p=2316"},"modified":"2024-08-24T08:15:35","modified_gmt":"2024-08-24T08:15:35","slug":"sac-victor-daim","status":"publish","type":"product","link":"https:\/\/lesaccordsdechloe.com\/index.php\/produit\/sac-victor-daim\/","title":{"rendered":"Sac Victor en daim"},"content":{"rendered":"<h3><strong>Taille :<br \/>\n<\/strong><\/h3>\n<p>Longueur : 25 cm<br \/>\nLargeur : 4,5 cm<br \/>\nHauteur : 16 cm<strong><br \/>\n<\/strong>Longueur maximale de la anse : 63 cm\u00a0<strong><br \/>\n<\/strong>Longueur minimale de la anse : 33 cm<\/p>\n<p>&nbsp;<\/p>\n<h3><strong>D\u00e9tails<\/strong>\u00a0:<\/h3>\n<p>Sac port\u00e9 \u00e9paule ou crois\u00e9e<br \/>\n100% cuir<br \/>\nFermeture zip<br \/>\nPoche int\u00e9rieure<br \/>\nFranges sur les cot\u00e9s et les extr\u00e9mit\u00e9s de la face avant<br \/>\nAnse r\u00e9glable et amovible<\/p>\n<h3><strong>Coloris<\/strong>\u00a0:<\/h3>\n<p>Kaki, Bleu nuit, Moutarde, Marron et Rouille<\/p>\n<h3><strong>Composition<\/strong>\u00a0:<\/h3>\n<p>Composition : 100% Cuir<br \/>\nPays de confection : Italie<\/p>\n<h3><strong>Entretien :<\/strong><\/h3>\n<p>Machine et s\u00e8che-linge interdit<\/p>\n","protected":false},"excerpt":{"rendered":"<p>Optez pour ce sac en daim, beau et fonctionnel qui deviendra vite votre compagnon quotidien. On aime son design chic et boh\u00e8me. Vous pourrez placer tous vos effets personnels. \u00c0 emporter partout avec soi. Le petit plus : sa pochette int\u00e9rieure. Portez-le \u00e0 l\u2019\u00e9paule ou en pochette.<\/p>\n","protected":false},"featured_media":2600,"comment_status":"open","ping_status":"closed","template":"","meta":{"_glsr_average":0,"_glsr_ranking":0,"_glsr_reviews":0},"product_cat":[140,143],"product_tag":[],"_links":{"self":[{"href":"https:\/\/lesaccordsdechloe.com\/index.php\/wp-json\/wp\/v2\/product\/2316"}],"collection":[{"href":"https:\/\/lesaccordsdechloe.com\/index.php\/wp-json\/wp\/v2\/product"}],"about":[{"href":"https:\/\/lesaccordsdechloe.com\/index.php\/wp-json\/wp\/v2\/types\/product"}],"replies":[{"embeddable":true,"href":"https:\/\/lesaccordsdechloe.com\/index.php\/wp-json\/wp\/v2\/comments?post=2316"}],"wp:featuredmedia":[{"embeddable":true,"href":"https:\/\/lesaccordsdechloe.com\/index.php\/wp-json\/wp\/v2\/media\/2600"}],"wp:attachment":[{"href":"https:\/\/lesaccordsdechloe.com\/index.php\/wp-json\/wp\/v2\/media?parent=2316"}],"wp:term":[{"taxonomy":"product_cat","embeddable":true,"href":"https:\/\/lesaccordsdechloe.com\/index.php\/wp-json\/wp\/v2\/product_cat?post=2316"},{"taxonomy":"product_tag","embeddable":true,"href":"https:\/\/lesaccordsdechloe.com\/index.php\/wp-json\/wp\/v2\/product_tag?post=2316"}],"curies":[{"name":"wp","href":"https:\/\/api.w.org\/{rel}","templated":true}]}}