{"id":2313,"date":"2021-11-04T22:24:43","date_gmt":"2021-11-04T22:24:43","guid":{"rendered":"https:\/\/lesaccordsdechloe.com\/?post_type=product&#038;p=2313"},"modified":"2024-03-12T20:21:11","modified_gmt":"2024-03-12T20:21:11","slug":"blouse-ambre-blanche","status":"publish","type":"product","link":"https:\/\/lesaccordsdechloe.com\/index.php\/produit\/blouse-ambre-blanche\/","title":{"rendered":"Blouse Ambre blanche"},"content":{"rendered":"<h3><strong>Taille<\/strong>\u00a0:<\/h3>\n<p>Longueur pour une taille M : 66 cm<br \/>\nLe mannequin mesure 1m75 et porte une taille M pour un c\u00f4t\u00e9 plus loose.<br \/>\nPour un c\u00f4t\u00e9 loose prenez une taille au-dessus, mais pour un c\u00f4t\u00e9 ceintr\u00e9 prenez votre taille habituelle.<\/p>\n<h3><strong>D\u00e9tails<\/strong>\u00a0:<\/h3>\n<p>Encolure ronde<br \/>\nEnti\u00e8rement boutonn\u00e9e<br \/>\nBroderie pr\u00e9sente sur les volants<br \/>\nManches resserr\u00e9es et boutonn\u00e9es<br \/>\nVolants doubl\u00e9s pr\u00e9sents sur les \u00e9paules<\/p>\n<h3><strong>Coloris<\/strong>\u00a0:<\/h3>\n<p>Blanc<\/p>\n<h3><strong>Composition<\/strong> :<\/h3>\n<p>Composition tissus 1 : 70% Coton et 30% Rayonne.<br \/>\nComposition tissus 2 : 100% Polyester.<br \/>\nCr\u00e9ation fran\u00e7aise<\/p>\n<h3><strong>Entretien<\/strong>\u00a0:<\/h3>\n<p>Lavage \u00e0 froid conseill\u00e9, s\u00e8che-linge d\u00e9conseill\u00e9<\/p>\n","protected":false},"excerpt":{"rendered":"<p>Optez pour la chemise Ambre : elle vous assurera un style boh\u00e8me et f\u00e9minin. Ses \u00e9paules travaill\u00e9es avec des notes de broderie vous assureront une allure f\u00e9minine et assur\u00e9e. Portez-la avec le jean skinny L\u00e9o.<\/p>\n","protected":false},"featured_media":2391,"comment_status":"open","ping_status":"closed","template":"","meta":{"_glsr_average":0,"_glsr_ranking":0,"_glsr_reviews":0},"product_cat":[187,143],"product_tag":[],"_links":{"self":[{"href":"https:\/\/lesaccordsdechloe.com\/index.php\/wp-json\/wp\/v2\/product\/2313"}],"collection":[{"href":"https:\/\/lesaccordsdechloe.com\/index.php\/wp-json\/wp\/v2\/product"}],"about":[{"href":"https:\/\/lesaccordsdechloe.com\/index.php\/wp-json\/wp\/v2\/types\/product"}],"replies":[{"embeddable":true,"href":"https:\/\/lesaccordsdechloe.com\/index.php\/wp-json\/wp\/v2\/comments?post=2313"}],"wp:featuredmedia":[{"embeddable":true,"href":"https:\/\/lesaccordsdechloe.com\/index.php\/wp-json\/wp\/v2\/media\/2391"}],"wp:attachment":[{"href":"https:\/\/lesaccordsdechloe.com\/index.php\/wp-json\/wp\/v2\/media?parent=2313"}],"wp:term":[{"taxonomy":"product_cat","embeddable":true,"href":"https:\/\/lesaccordsdechloe.com\/index.php\/wp-json\/wp\/v2\/product_cat?post=2313"},{"taxonomy":"product_tag","embeddable":true,"href":"https:\/\/lesaccordsdechloe.com\/index.php\/wp-json\/wp\/v2\/product_tag?post=2313"}],"curies":[{"name":"wp","href":"https:\/\/api.w.org\/{rel}","templated":true}]}}