{"id":2246,"date":"2021-10-07T12:50:41","date_gmt":"2021-10-07T12:50:41","guid":{"rendered":"https:\/\/lesaccordsdechloe.com\/?post_type=product&#038;p=2246"},"modified":"2024-03-12T18:45:35","modified_gmt":"2024-03-12T18:45:35","slug":"sacamain_brigitte","status":"publish","type":"product","link":"https:\/\/lesaccordsdechloe.com\/index.php\/produit\/sacamain_brigitte\/","title":{"rendered":"Sac \u00e0 main Brigitte"},"content":{"rendered":"<h3><strong>Taille :<br \/>\n<\/strong><\/h3>\n<p>Longueur : 27 cm<br \/>\nLargeur : 8 cm<br \/>\nHauteur : 18 cm<strong><br \/>\n<\/strong>Longueur maximale de la anse : 57 cm<\/p>\n<h3><strong>D\u00e9tails<\/strong>\u00a0:<\/h3>\n<p>Sac en bandouli\u00e8re ou \u00e0 main en fonction de la cha\u00eenette<br \/>\n100% cuir<br \/>\nFermeture zip et pression aimant\u00e9e<br \/>\nPoche int\u00e9rieure<\/p>\n<h3><strong>Coloris<\/strong>\u00a0:<\/h3>\n<p>Kaki<\/p>\n<h3><strong>Composition<\/strong>\u00a0:<\/h3>\n<p>Composition : 100% Cuir<br \/>\nPays de confection : Italie<\/p>\n<h3><strong>Entretien :<\/strong><\/h3>\n<p>Machine et s\u00e8che-linge interdit<\/p>\n","protected":false},"excerpt":{"rendered":"<p>Optez pour ce sac en daim, beau et fonctionnel qui deviendra vite votre compagnon quotidien. On aime son design chic et boh\u00e8me. Confiez \u00e0 son int\u00e9rieur vos effets personnels. \u00c0 emporter partout avec soi. Le petit plus : sa pochette int\u00e9rieure. Portez-le \u00e0 l&#8217;\u00e9paule court ou long en fonction de vos envies, ou mettez-le en bandouli\u00e8re.<\/p>\n<h3><\/h3>\n","protected":false},"featured_media":2876,"comment_status":"open","ping_status":"closed","template":"","meta":{"_glsr_average":0,"_glsr_ranking":0,"_glsr_reviews":0},"product_cat":[140,143],"product_tag":[133,139,135,134,137,136,138],"_links":{"self":[{"href":"https:\/\/lesaccordsdechloe.com\/index.php\/wp-json\/wp\/v2\/product\/2246"}],"collection":[{"href":"https:\/\/lesaccordsdechloe.com\/index.php\/wp-json\/wp\/v2\/product"}],"about":[{"href":"https:\/\/lesaccordsdechloe.com\/index.php\/wp-json\/wp\/v2\/types\/product"}],"replies":[{"embeddable":true,"href":"https:\/\/lesaccordsdechloe.com\/index.php\/wp-json\/wp\/v2\/comments?post=2246"}],"wp:featuredmedia":[{"embeddable":true,"href":"https:\/\/lesaccordsdechloe.com\/index.php\/wp-json\/wp\/v2\/media\/2876"}],"wp:attachment":[{"href":"https:\/\/lesaccordsdechloe.com\/index.php\/wp-json\/wp\/v2\/media?parent=2246"}],"wp:term":[{"taxonomy":"product_cat","embeddable":true,"href":"https:\/\/lesaccordsdechloe.com\/index.php\/wp-json\/wp\/v2\/product_cat?post=2246"},{"taxonomy":"product_tag","embeddable":true,"href":"https:\/\/lesaccordsdechloe.com\/index.php\/wp-json\/wp\/v2\/product_tag?post=2246"}],"curies":[{"name":"wp","href":"https:\/\/api.w.org\/{rel}","templated":true}]}}